{"id":1891,"date":"2017-01-24T11:03:09","date_gmt":"2017-01-24T11:03:09","guid":{"rendered":"http:\/\/www.evaparey.com\/web\/?page_id=1891"},"modified":"2025-06-11T19:31:25","modified_gmt":"2025-06-11T19:31:25","slug":"censo-cultivo-formentera","status":"publish","type":"page","link":"https:\/\/www.evaparey.com\/web\/censo-cultivo-formentera\/","title":{"rendered":"Censo de Tierras en la isla de Formentera"},"content":{"rendered":"\t\t<div data-elementor-type=\"wp-page\" data-elementor-id=\"1891\" class=\"elementor elementor-1891\">\n\t\t\t\t<div class=\"elementor-element elementor-element-26509385 e-flex e-con-boxed e-con e-parent\" data-id=\"26509385\" data-element_type=\"container\">\n\t\t\t\t\t<div class=\"e-con-inner\">\n\t\t\t\t<div class=\"elementor-element elementor-element-fd892ff elementor-widget elementor-widget-spacer\" data-id=\"fd892ff\" data-element_type=\"widget\" data-widget_type=\"spacer.default\">\n\t\t\t\t<div class=\"elementor-widget-container\">\n\t\t\t\t\t\t\t<div class=\"elementor-spacer\">\n\t\t\t<div class=\"elementor-spacer-inner\"><\/div>\n\t\t<\/div>\n\t\t\t\t\t\t<\/div>\n\t\t\t\t<\/div>\n\t\t\t\t\t<\/div>\n\t\t\t\t<\/div>\n\t\t<div class=\"elementor-element elementor-element-bee55e3 e-con-full e-flex e-con e-parent\" data-id=\"bee55e3\" data-element_type=\"container\">\n\t\t\t\t<div class=\"elementor-element elementor-element-2c3703d elementor-widget__width-initial elementor-arrows-position-inside elementor-widget elementor-widget-image-carousel\" data-id=\"2c3703d\" data-element_type=\"widget\" data-settings=\"{&quot;navigation&quot;:&quot;arrows&quot;,&quot;slides_to_show&quot;:&quot;1&quot;,&quot;autoplay&quot;:&quot;yes&quot;,&quot;pause_on_hover&quot;:&quot;yes&quot;,&quot;pause_on_interaction&quot;:&quot;yes&quot;,&quot;autoplay_speed&quot;:5000,&quot;infinite&quot;:&quot;yes&quot;,&quot;effect&quot;:&quot;slide&quot;,&quot;speed&quot;:500}\" data-widget_type=\"image-carousel.default\">\n\t\t\t\t<div class=\"elementor-widget-container\">\n\t\t\t\t\t\t\t<div class=\"elementor-image-carousel-wrapper swiper\" role=\"region\" aria-roledescription=\"carousel\" aria-label=\"Carrusel de im\u00e1genes\" dir=\"ltr\">\n\t\t\t<div class=\"elementor-image-carousel swiper-wrapper\" aria-live=\"off\">\n\t\t\t\t\t\t\t\t<div class=\"swiper-slide\" role=\"group\" aria-roledescription=\"slide\" aria-label=\"1 de 20\"><figure class=\"swiper-slide-inner\"><img decoding=\"async\" class=\"swiper-slide-image\" src=\"https:\/\/www.evaparey.com\/web\/wp-content\/uploads\/2017\/01\/Cens-de-Terres_x_Eva-Parey_001.jpg\" alt=\"Cens\" \/><\/figure><\/div><div class=\"swiper-slide\" role=\"group\" aria-roledescription=\"slide\" aria-label=\"2 de 20\"><figure class=\"swiper-slide-inner\"><img decoding=\"async\" class=\"swiper-slide-image\" src=\"https:\/\/www.evaparey.com\/web\/wp-content\/uploads\/2017\/01\/Cens-de-Terres_x_Eva-Parey_002.jpg\" alt=\"Cens\" \/><\/figure><\/div><div class=\"swiper-slide\" role=\"group\" aria-roledescription=\"slide\" aria-label=\"3 de 20\"><figure class=\"swiper-slide-inner\"><img decoding=\"async\" class=\"swiper-slide-image\" src=\"https:\/\/www.evaparey.com\/web\/wp-content\/uploads\/2017\/01\/Cens-de-Terres_x_Eva-Parey_003.jpg\" alt=\"Cens\" \/><\/figure><\/div><div class=\"swiper-slide\" role=\"group\" aria-roledescription=\"slide\" aria-label=\"4 de 20\"><figure class=\"swiper-slide-inner\"><img decoding=\"async\" class=\"swiper-slide-image\" src=\"https:\/\/www.evaparey.com\/web\/wp-content\/uploads\/2017\/01\/Cens-de-Terres_x_Eva-Parey_004.jpg\" alt=\"Cens\" \/><\/figure><\/div><div class=\"swiper-slide\" role=\"group\" aria-roledescription=\"slide\" aria-label=\"5 de 20\"><figure class=\"swiper-slide-inner\"><img decoding=\"async\" class=\"swiper-slide-image\" src=\"https:\/\/www.evaparey.com\/web\/wp-content\/uploads\/2017\/01\/Cens-de-Terres_x_Eva-Parey_005.jpg\" alt=\"Cens\" \/><\/figure><\/div><div class=\"swiper-slide\" role=\"group\" aria-roledescription=\"slide\" aria-label=\"6 de 20\"><figure class=\"swiper-slide-inner\"><img decoding=\"async\" class=\"swiper-slide-image\" src=\"https:\/\/www.evaparey.com\/web\/wp-content\/uploads\/2017\/01\/Cens-de-Terres_x_Eva-Parey_006.jpg\" alt=\"Cens\" \/><\/figure><\/div><div class=\"swiper-slide\" role=\"group\" aria-roledescription=\"slide\" aria-label=\"7 de 20\"><figure class=\"swiper-slide-inner\"><img decoding=\"async\" class=\"swiper-slide-image\" src=\"https:\/\/www.evaparey.com\/web\/wp-content\/uploads\/2017\/01\/Cens-de-Terres_x_Eva-Parey_007.jpg\" alt=\"Cens\" \/><\/figure><\/div><div class=\"swiper-slide\" role=\"group\" aria-roledescription=\"slide\" aria-label=\"8 de 20\"><figure class=\"swiper-slide-inner\"><img decoding=\"async\" class=\"swiper-slide-image\" src=\"https:\/\/www.evaparey.com\/web\/wp-content\/uploads\/2017\/01\/Cens-de-Terres_x_Eva-Parey_008.jpg\" alt=\"Cens\" \/><\/figure><\/div><div class=\"swiper-slide\" role=\"group\" aria-roledescription=\"slide\" aria-label=\"9 de 20\"><figure class=\"swiper-slide-inner\"><img decoding=\"async\" class=\"swiper-slide-image\" src=\"https:\/\/www.evaparey.com\/web\/wp-content\/uploads\/2017\/01\/Cens-de-Terres_x_Eva-Parey_009.jpg\" alt=\"Cens\" \/><\/figure><\/div><div class=\"swiper-slide\" role=\"group\" aria-roledescription=\"slide\" aria-label=\"10 de 20\"><figure class=\"swiper-slide-inner\"><img decoding=\"async\" class=\"swiper-slide-image\" src=\"https:\/\/www.evaparey.com\/web\/wp-content\/uploads\/2017\/01\/Cens-de-Terres_x_Eva-Parey_010.jpg\" alt=\"Cens\" \/><\/figure><\/div><div class=\"swiper-slide\" role=\"group\" aria-roledescription=\"slide\" aria-label=\"11 de 20\"><figure class=\"swiper-slide-inner\"><img decoding=\"async\" class=\"swiper-slide-image\" src=\"https:\/\/www.evaparey.com\/web\/wp-content\/uploads\/2017\/01\/Cens-de-Terres_x_Eva-Parey_011.jpg\" alt=\"Cens\" \/><\/figure><\/div><div class=\"swiper-slide\" role=\"group\" aria-roledescription=\"slide\" aria-label=\"12 de 20\"><figure class=\"swiper-slide-inner\"><img decoding=\"async\" class=\"swiper-slide-image\" src=\"https:\/\/www.evaparey.com\/web\/wp-content\/uploads\/2017\/01\/Cens-de-Terres_x_Eva-Parey_012.jpg\" alt=\"Cens\" \/><\/figure><\/div><div class=\"swiper-slide\" role=\"group\" aria-roledescription=\"slide\" aria-label=\"13 de 20\"><figure class=\"swiper-slide-inner\"><img decoding=\"async\" class=\"swiper-slide-image\" src=\"https:\/\/www.evaparey.com\/web\/wp-content\/uploads\/2017\/01\/Cens-de-Terres_x_Eva-Parey_013.jpg\" alt=\"Cens\" \/><\/figure><\/div><div class=\"swiper-slide\" role=\"group\" aria-roledescription=\"slide\" aria-label=\"14 de 20\"><figure class=\"swiper-slide-inner\"><img decoding=\"async\" class=\"swiper-slide-image\" src=\"https:\/\/www.evaparey.com\/web\/wp-content\/uploads\/2017\/01\/Cens-de-Terres_x_Eva-Parey_014.jpg\" alt=\"Cens\" \/><\/figure><\/div><div class=\"swiper-slide\" role=\"group\" aria-roledescription=\"slide\" aria-label=\"15 de 20\"><figure class=\"swiper-slide-inner\"><img decoding=\"async\" class=\"swiper-slide-image\" src=\"https:\/\/www.evaparey.com\/web\/wp-content\/uploads\/2017\/01\/Cens-de-Terres_x_Eva-Parey_015.jpg\" alt=\"Cens\" \/><\/figure><\/div><div class=\"swiper-slide\" role=\"group\" aria-roledescription=\"slide\" aria-label=\"16 de 20\"><figure class=\"swiper-slide-inner\"><img decoding=\"async\" class=\"swiper-slide-image\" src=\"https:\/\/www.evaparey.com\/web\/wp-content\/uploads\/2017\/01\/Cens-de-Terres_x_Eva-Parey_016.jpg\" alt=\"Cens\" \/><\/figure><\/div><div class=\"swiper-slide\" role=\"group\" aria-roledescription=\"slide\" aria-label=\"17 de 20\"><figure class=\"swiper-slide-inner\"><img decoding=\"async\" class=\"swiper-slide-image\" src=\"https:\/\/www.evaparey.com\/web\/wp-content\/uploads\/2017\/01\/Cens-de-Terres_x_Eva-Parey_017.jpg\" alt=\"Cens\" \/><\/figure><\/div><div class=\"swiper-slide\" role=\"group\" aria-roledescription=\"slide\" aria-label=\"18 de 20\"><figure class=\"swiper-slide-inner\"><img decoding=\"async\" class=\"swiper-slide-image\" src=\"https:\/\/www.evaparey.com\/web\/wp-content\/uploads\/2017\/01\/Cens-de-Terres_x_Eva-Parey_018.jpg\" alt=\"Cens\" \/><\/figure><\/div><div class=\"swiper-slide\" role=\"group\" aria-roledescription=\"slide\" aria-label=\"19 de 20\"><figure class=\"swiper-slide-inner\"><img decoding=\"async\" class=\"swiper-slide-image\" src=\"https:\/\/www.evaparey.com\/web\/wp-content\/uploads\/2017\/01\/Cens-de-Terres_x_Eva-Parey_019.jpg\" alt=\"Cens\" \/><\/figure><\/div><div class=\"swiper-slide\" role=\"group\" aria-roledescription=\"slide\" aria-label=\"20 de 20\"><figure class=\"swiper-slide-inner\"><img decoding=\"async\" class=\"swiper-slide-image\" src=\"https:\/\/www.evaparey.com\/web\/wp-content\/uploads\/2017\/01\/Cens-de-Terres_x_Eva-Parey_020.jpg\" alt=\"Cens\" \/><\/figure><\/div>\t\t\t<\/div>\n\t\t\t\t\t\t\t\t\t\t\t\t<div class=\"elementor-swiper-button elementor-swiper-button-prev\" role=\"button\" tabindex=\"0\">\n\t\t\t\t\t\t<svg aria-hidden=\"true\" class=\"e-font-icon-svg e-eicon-chevron-left\" viewBox=\"0 0 1000 1000\" xmlns=\"http:\/\/www.w3.org\/2000\/svg\"><path d=\"M646 125C629 125 613 133 604 142L308 442C296 454 292 471 292 487 292 504 296 521 308 533L604 854C617 867 629 875 646 875 663 875 679 871 692 858 704 846 713 829 713 812 713 796 708 779 692 767L438 487 692 225C700 217 708 204 708 187 708 171 704 154 692 142 675 129 663 125 646 125Z\"><\/path><\/svg>\t\t\t\t\t<\/div>\n\t\t\t\t\t<div class=\"elementor-swiper-button elementor-swiper-button-next\" role=\"button\" tabindex=\"0\">\n\t\t\t\t\t\t<svg aria-hidden=\"true\" class=\"e-font-icon-svg e-eicon-chevron-right\" viewBox=\"0 0 1000 1000\" xmlns=\"http:\/\/www.w3.org\/2000\/svg\"><path d=\"M696 533C708 521 713 504 713 487 713 471 708 454 696 446L400 146C388 133 375 125 354 125 338 125 325 129 313 142 300 154 292 171 292 187 292 204 296 221 308 233L563 492 304 771C292 783 288 800 288 817 288 833 296 850 308 863 321 871 338 875 354 875 371 875 388 867 400 854L696 533Z\"><\/path><\/svg>\t\t\t\t\t<\/div>\n\t\t\t\t\n\t\t\t\t\t\t\t\t\t<\/div>\n\t\t\t\t\t\t<\/div>\n\t\t\t\t<\/div>\n\t\t\t\t<\/div>\n\t\t<div class=\"elementor-element elementor-element-19f2dd08 e-flex e-con-boxed e-con e-parent\" data-id=\"19f2dd08\" data-element_type=\"container\">\n\t\t\t\t\t<div class=\"e-con-inner\">\n\t\t\t\t<div class=\"elementor-element elementor-element-6e166fd9 elementor-widget elementor-widget-spacer\" data-id=\"6e166fd9\" data-element_type=\"widget\" data-widget_type=\"spacer.default\">\n\t\t\t\t<div class=\"elementor-widget-container\">\n\t\t\t\t\t\t\t<div class=\"elementor-spacer\">\n\t\t\t<div class=\"elementor-spacer-inner\"><\/div>\n\t\t<\/div>\n\t\t\t\t\t\t<\/div>\n\t\t\t\t<\/div>\n\t\t\t\t\t<\/div>\n\t\t\t\t<\/div>\n\t\t<div class=\"elementor-element elementor-element-13d095f8 e-grid e-con-full e-con e-parent\" data-id=\"13d095f8\" data-element_type=\"container\">\n\t\t\t\t<div class=\"elementor-element elementor-element-a505954 elementor-widget elementor-widget-text-editor\" data-id=\"a505954\" data-element_type=\"widget\" data-widget_type=\"text-editor.default\">\n\t\t\t\t<div class=\"elementor-widget-container\">\n\t\t\t\t\t\t\t\t\t<h3>Censo de Tierras<\/h3><p>Con la llegada del turismo a Formentera, a partir de los a\u00f1os 60, muchos campos quedaron abandonados. La expansi\u00f3n del sector tur\u00edstico atrap\u00f3 a la gente aut\u00f3ctona en largas jornadas durante la \u00e9poca estival. Los payeses, poco a poco fueron qued\u00e1ndose sin el soporte familiar de anta\u00f1o, ni las fuerzas para seguir cultivando el campo.<\/p><p><span style=\"font-style: inherit; font-weight: inherit; background-color: var(--ast-global-color-6);\">El proyecto \u201cCenso de Tierras de Cultivo\u201d es una iniciativa pionera impulsada por el Consell de Formentera y la Cooperativa del Camp para recuperar el sector primario y conservar la belleza del paisaje interior de la isla.<\/span><\/p><p>Un grupo de j\u00f3venes payeses han trabajado un centenar de hect\u00e1reas durante un a\u00f1o, gracias a la generosidad de los propietarios que han cedido sus campos.<\/p>\t\t\t\t\t\t\t\t<\/div>\n\t\t\t\t<\/div>\n\t\t\t\t<div class=\"elementor-element elementor-element-6144ab83 elementor-widget elementor-widget-text-editor\" data-id=\"6144ab83\" data-element_type=\"widget\" data-widget_type=\"text-editor.default\">\n\t\t\t\t<div class=\"elementor-widget-container\">\n\t\t\t\t\t\t\t\t\t<h3 style=\"font-style: normal; text-align: start;\"><em><span style=\"color: #dedede;\">Farmland Reserve&nbsp;<\/span><\/em><\/h3>\n<div><em>With the arrival of tourism to Formentera, from the early 60&#8217;s, many fields were abandoned. The expansion of the tourist sector caught the native people in long working days during the summer season. The peasents, little by little they were running without the familiar support of yesteryear, nor the forces to continue cultivating the field.<\/em><br><em><span style=\"background-color: var(--ast-global-color-6); font-weight: inherit;\"><br><\/span><\/em><\/div>\n<div><em><span style=\"background-color: var(--ast-global-color-6); font-weight: inherit;\">The&nbsp;<\/span>\u201cFarmland Reserve\u201d<span style=\"background-color: var(--ast-global-color-6); font-weight: inherit;\">&nbsp;programme is a pioneering initiative promoted by the Formentera Council and the Farmers Cooperative to recover the primary sector and preserve the beauty of the countryside of the island.<\/span><\/em><\/div>\n<div><em><span style=\"background-color: var(--ast-global-color-6); font-weight: inherit;\">&nbsp;<\/span><\/em><\/div>\n<p><em>A group of young peasants have worked a hundred hectares for a year, thanks to the generosity of the owners who have ceded their fields.<\/em><\/p>\t\t\t\t\t\t\t\t<\/div>\n\t\t\t\t<\/div>\n\t\t\t\t<\/div>\n\t\t<div class=\"elementor-element elementor-element-74cf91c e-flex e-con-boxed e-con e-parent\" data-id=\"74cf91c\" data-element_type=\"container\">\n\t\t\t\t\t<div class=\"e-con-inner\">\n\t\t\t\t<div class=\"elementor-element elementor-element-1d50ce7 elementor-widget elementor-widget-video\" data-id=\"1d50ce7\" data-element_type=\"widget\" data-settings=\"{&quot;video_type&quot;:&quot;vimeo&quot;}\" data-widget_type=\"video.default\">\n\t\t\t\t<div class=\"elementor-widget-container\">\n\t\t\t\t\t\t\t<div class=\"elementor-wrapper elementor-open-inline\">\n\t\t\t<iframe class=\"elementor-video-iframe\" allowfullscreen allow=\"clipboard-write\" title=\"Reproductor de v\u00eddeo vimeo\" src=\"https:\/\/player.vimeo.com\/video\/190352544?color&amp;autopause=0&amp;loop=0&amp;muted=0&amp;title=1&amp;portrait=1&amp;byline=1#t=\"><\/iframe>\t\t<\/div>\n\t\t\t\t\t\t<\/div>\n\t\t\t\t<\/div>\n\t\t\t\t\t<\/div>\n\t\t\t\t<\/div>\n\t\t<div class=\"elementor-element elementor-element-6a112521 e-flex e-con-boxed e-con e-parent\" data-id=\"6a112521\" data-element_type=\"container\">\n\t\t\t\t\t<div class=\"e-con-inner\">\n\t\t\t\t<div class=\"elementor-element elementor-element-1818e2df elementor-widget elementor-widget-spacer\" data-id=\"1818e2df\" data-element_type=\"widget\" data-widget_type=\"spacer.default\">\n\t\t\t\t<div class=\"elementor-widget-container\">\n\t\t\t\t\t\t\t<div class=\"elementor-spacer\">\n\t\t\t<div class=\"elementor-spacer-inner\"><\/div>\n\t\t<\/div>\n\t\t\t\t\t\t<\/div>\n\t\t\t\t<\/div>\n\t\t\t\t\t<\/div>\n\t\t\t\t<\/div>\n\t\t\t\t<\/div>\n\t\t","protected":false},"excerpt":{"rendered":"<p>Censo de Tierras Con la llegada del turismo a Formentera, a partir de los a\u00f1os 60, muchos campos quedaron abandonados. [&hellip;]<\/p>\n","protected":false},"author":1,"featured_media":1930,"parent":0,"menu_order":0,"comment_status":"open","ping_status":"open","template":"","meta":{"site-sidebar-layout":"no-sidebar","site-content-layout":"plain-container","ast-site-content-layout":"","site-content-style":"default","site-sidebar-style":"default","ast-global-header-display":"","ast-banner-title-visibility":"","ast-main-header-display":"","ast-hfb-above-header-display":"","ast-hfb-below-header-display":"","ast-hfb-mobile-header-display":"","site-post-title":"disabled","ast-breadcrumbs-content":"","ast-featured-img":"disabled","footer-sml-layout":"","theme-transparent-header-meta":"","adv-header-id-meta":"","stick-header-meta":"","header-above-stick-meta":"","header-main-stick-meta":"","header-below-stick-meta":"","astra-migrate-meta-layouts":"default","ast-page-background-enabled":"default","ast-page-background-meta":{"desktop":{"background-color":"var(--ast-global-color-5)","background-image":"","background-repeat":"repeat","background-position":"center center","background-size":"auto","background-attachment":"scroll","background-type":"","background-media":"","overlay-type":"","overlay-color":"","overlay-opacity":"","overlay-gradient":""},"tablet":{"background-color":"","background-image":"","background-repeat":"repeat","background-position":"center center","background-size":"auto","background-attachment":"scroll","background-type":"","background-media":"","overlay-type":"","overlay-color":"","overlay-opacity":"","overlay-gradient":""},"mobile":{"background-color":"","background-image":"","background-repeat":"repeat","background-position":"center center","background-size":"auto","background-attachment":"scroll","background-type":"","background-media":"","overlay-type":"","overlay-color":"","overlay-opacity":"","overlay-gradient":""}},"ast-content-background-meta":{"desktop":{"background-color":"var(--ast-global-color-4)","background-image":"","background-repeat":"repeat","background-position":"center center","background-size":"auto","background-attachment":"scroll","background-type":"","background-media":"","overlay-type":"","overlay-color":"","overlay-opacity":"","overlay-gradient":""},"tablet":{"background-color":"var(--ast-global-color-4)","background-image":"","background-repeat":"repeat","background-position":"center center","background-size":"auto","background-attachment":"scroll","background-type":"","background-media":"","overlay-type":"","overlay-color":"","overlay-opacity":"","overlay-gradient":""},"mobile":{"background-color":"var(--ast-global-color-4)","background-image":"","background-repeat":"repeat","background-position":"center center","background-size":"auto","background-attachment":"scroll","background-type":"","background-media":"","overlay-type":"","overlay-color":"","overlay-opacity":"","overlay-gradient":""}},"footnotes":""},"class_list":["post-1891","page","type-page","status-publish","has-post-thumbnail","hentry"],"_links":{"self":[{"href":"https:\/\/www.evaparey.com\/web\/wp-json\/wp\/v2\/pages\/1891"}],"collection":[{"href":"https:\/\/www.evaparey.com\/web\/wp-json\/wp\/v2\/pages"}],"about":[{"href":"https:\/\/www.evaparey.com\/web\/wp-json\/wp\/v2\/types\/page"}],"author":[{"embeddable":true,"href":"https:\/\/www.evaparey.com\/web\/wp-json\/wp\/v2\/users\/1"}],"replies":[{"embeddable":true,"href":"https:\/\/www.evaparey.com\/web\/wp-json\/wp\/v2\/comments?post=1891"}],"version-history":[{"count":42,"href":"https:\/\/www.evaparey.com\/web\/wp-json\/wp\/v2\/pages\/1891\/revisions"}],"predecessor-version":[{"id":5038,"href":"https:\/\/www.evaparey.com\/web\/wp-json\/wp\/v2\/pages\/1891\/revisions\/5038"}],"wp:featuredmedia":[{"embeddable":true,"href":"https:\/\/www.evaparey.com\/web\/wp-json\/wp\/v2\/media\/1930"}],"wp:attachment":[{"href":"https:\/\/www.evaparey.com\/web\/wp-json\/wp\/v2\/media?parent=1891"}],"curies":[{"name":"wp","href":"https:\/\/api.w.org\/{rel}","templated":true}]}}